+ -59b1b?
-59b17
In base 10, what is -1664 + -1424?
-3088
In base 11, what is 191 - 861?
-680
In base 11, what is -626 + -13?
-639
In base 3, what is 1121002202 + -1012?
1121001120
In base 16, what is -1775 - 408?
-1b7d
In base 14, what is -360c - -2?
-360a
In base 16, what is 4 + 2b2a?
2b2e
In base 3, what is 1 + 1021201202102?
1021201202110
In base 3, what is -2202221212 - -10002?
-2202211210
In base 2, what is 100 + -101111000001001?
-101111000000101
In base 4, what is 231203321 + 11?
231203332
In base 15, what is 2c + -1c99b?
-1c96e
In base 15, what is 28 - -43?
6b
In base 3, what is -1222102 - -20221?
-1201111
In base 5, what is -21301 - -10?
-21241
In base 12, what is -34 + 4790?
4758
In base 5, what is -1103 - 1002230?
-1003333
In base 12, what is -36046 - 17?
-36061
In base 6, what is 0 + -222304?
-222304
In base 7, what is -6 - -23634?
23625
In base 11, what is 3 - -1583?
1586
In base 9, what is 3 + 1383?
1386
In base 2, what is 1101100 + -1100001110111?
-1100000001011
In base 6, what is -2 + -103300?
-103302
In base 10, what is -31 - -1018?
987
In base 3, what is 2 - 12012220121?
-12012220112
In base 14, what is 7b80 + -2?
7b7c
In base 2, what is -11 - 101100001111001010011?
-101100001111001010110
In base 10, what is 71 - -10549?
10620
In base 7, what is -1 + -545665?
-545666
In base 7, what is 40620 - 3?
40614
In base 9, what is -1434 - -103?
-1331
In base 10, what is 14671 + 3?
14674
In base 5, what is 4231 + -40042?
-30311
In base 2, what is -110000 - 100011101?
-101001101
In base 11, what is -524 + 1501?
a88
In base 13, what is -13851 + -1a?
-1386b
In base 14, what is -3816 + 3c?
-37b8
In base 12, what is -70 - -a7?
37
In base 8, what is -4 + 15147?
15143
In base 7, what is 4 - 12064246?
-12064242
In base 7, what is 41 - -103156?
103230
In base 11, what is 823a5 - -16?
82410
In base 4, what is 12 - -102312203?
102312221
In base 5, what is 3400043 - -23?
3400121
In base 3, what is -1110 + -2221011?
-2222121
In base 2, what is 101101011110 - 101000011?
101000011011
In base 10, what is 2 - 6348?
-6346
In base 15, what is -b4cc + 27?
-b4a5
In base 4, what is -200 + -1113323?
-1120123
In base 3, what is -10021200 - 10222?
-10102122
In base 13, what is 4 - -1b3459?
1b3460
In base 9, what is -31 + 4652?
4621
In base 13, what is -1c3 - 123?
-316
In base 7, what is 331430 - -1?
331431
In base 16, what is 4 + -1ed1f1?
-1ed1ed
In base 7, what is 210246 + 0?
210246
In base 5, what is -4431 - -2302?
-2124
In base 12, what is -8796 - 2?
-8798
In base 10, what is 9014 - 6?
9008
In base 8, what is -5 - -124216?
124211
In base 5, what is 0 + -1424243?
-1424243
In base 3, what is -1201011 - -1122?
-1122112
In base 14, what is 47c55 + -1?
47c54
In base 5, what is 111 + 20011?
20122
In base 5, what is -111022 - 23?
-111100
In base 8, what is 456 + -102?
354
In base 14, what is -c4 + 5a?
-68
In base 5, what is -4134 - 4243?
-13432
In base 6, what is 1 - 102030?
-102025
In base 8, what is -3035336 - -2?
-3035334
In base 10, what is -743 - 1?
-744
In base 6, what is -21324344 - 1?
-21324345
In base 4, what is 10302 - -1023011?
1033313
In base 13, what is b18 + c?
b27
In base 11, what is 4318 + 50?
4368
In base 12, what is -35a9 - 3?
-35b0
In base 10, what is 368 - -6699?
7067
In base 9, what is 15214 + 11?
15225
In base 12, what is -5 + -2bb078?
-2bb081
In base 12, what is -2 - 9a82?
-9a84
In base 9, what is 11 - -127808?
127820
In base 15, what is 8 - 6592b?
-65923
In base 14, what is -1195 + 1c?
-1177
In base 16, what is 1ab + -b8?
f3
In base 2, what is 101 + 10011100011101000?
10011100011101101
In base 6, what is -4515 + 55?
-4420
In base 6, what is -103510 - -31?
-103435
In base 6, what is -40542553 + -5?
-40543002
In base 2, what is -10100001010100110 - 1110?
-10100001010110100
In base 14, what is -7c + 2231?
2193
In base 10, what is -450 - -1296?
846
In base 13, what is -2cb42 - -8?
-2cb37
In base 2, what is 10100010111100100011 - -101?
10100010111100101000
In base 16, what is -20f0 + -c?
-20fc
In base 6, what is -144305 - -40?
-144225
In base 12, what is -3 + -3a320b?
-3a3212
In base 7, what is -400 + 15062?
14362
In base 4, what is 20 + -1302200?
-1302120
In base 9, what is 15 + 380586?
380612
In base 2, what is -11101100110000111 - 100?
-11101100110001011
In base 11, what is 1 - -12a7?
12a8
In base 9, what is 182 - -1253?
1445
In base 15, what is 12b2 - 38?
1279
In base 15, what is dbb + 3?
dbe
In base 3, what is 11221 + 1111020?
1200011
In base 16, what is 13a1f + -1?
13a1e
In base 12, what is 1 - 2449?
-2448
In base 9, what is -303 + 6242?
5838
In base 15, what is -1945c + -6?
-19463
In base 4, what is -122330 + 0?
-122330
In base 2, what is -1011001101001 - -1?
-1011001101000
In base 2, what is 1011100111010101 - -11?
1011100111011000
In base 11, what is -171 - -420?
25a
In base 13, what is -88055 + -7?
-8805c
In base 10, what is -1205460 - -3?
-1205457
In base 15, what is -101 + -a72?
-b73
In base 8, what is -4 + -3353113?
-3353117
In base 9, what is -84 - -270?
175
In base 15, what is 61 + -12a?
-b9
In base 14, what is -7 - 571?
-578
In base 7, what is 200 + -311?
-111
In base 3, what is 1 - 211001112102?
-211001112101
In base 11, what is -10a - 34a?
-459
In base 15, what is 3e - c964?
-c925
In base 4, what is -20 + 10331?
10311
In base 13, what is -1 + -4c6b3c?
-4c6b40
In base 3, what is -12220021020 - -1021?
-12220012222
In base 8, what is -3 + 275063?
275060
In base 11, what is -5 + -13785?
-1378a
In base 5, what is -10 + -40031112?
-40031122
In base 9, what is -18715 - 2?
-18717
In base 8, what is 2 + 720502?
720504
In base 10, what is -1 - -355513?
355512
In base 9, what is -82338 - 3?
-82342
In base 13, what is -19 + -aa04?
-aa20
In base 13, what is c + -2c88?
-2c79
In base 3, what is 1000 - -21112012?
21120012
In base 4, what is 111202 + 110?
111312
In base 4, what is 33 - 11020020?
-11013321
In base 13, what is -3b + -1c28?
-1c66
In base 11, what is 208 + 188?
395
In base 7, what is 23 - -134514?
134540
In base 14, what is 151 + 3?
154
In base 14, what is 683 - -9?
68c
In base 9, what is -1 + 231417?
231416
In base 3, what is -10 - 1221112111?
-1221112121
In base 11, what is 2 + 1251a?
12521
In base 2, what is 10001010011001 + -1001000111?
10000001010010
In base 15, what is -301416 - -4?
-301412
In base 2, what is -101001111010 - -110?
-101001110100
In base 13, what is 926 - -1c?
945
In base 8, what is -1 + 54675?
54674
In base 12, what is 244 + 24?
268
In base 16, what is 7359 - c?
734d
In base 8, what is 160 + -337?
-157
In base 16, what is -21 - -2acc?
2aab
In base 12, what is -3 + -b386?
-b389
In base 12, what is 243948 + -2?
243946
In base 9, what is -65 - 1?
-66
In base 7, what is 3113 - -634?
4050
In base 9, what is 13401 + 1?
13402
In base 12, what is 415a - 33?
4127
In base 12, what is 2 + 8720?
8722
In base 12, what is 0 + -a71?
-a71
In base 9, what is -3846 + -18?
-3865
In base 15, what is 135a + -5?
1355
In base 5, what is 2 - 20102140?
-20102133
In base 2, what is 11000 + -10110011100110001?
-10110011100011001
In base 13, what is -1ab75 + 4?
-1ab71
In base 11, what is -1 - 14516?
-14517
In base 8, what is 10512 - 4?
10506
In base 14, what is 9099 - -5?
90a0
In base 16, what is 3 - -bf93?
bf96
In base 12, what is -17 - 5a467?
-5a482
In base 12, what is -32 + 5607?
5595
In base 15, what is -8429 - -a?
-841e
In base 13, what is 142a8 - 13?
14295
In base 8, what is -210200 - -61?
-210117
In base 2, what is -100010101110 + 1101?
-100010100001
In base 7, what is 30465 + -136?
30326
In base 11, what is -5a384 + 1?
-5a383
In base 7, what is -1541316 - -4?
-1541312
In base 12, what is 246ab - 0?
246ab
In base 16, what is -1 + -a05a9?
-a05aa
In base 7, what is 2125 - 54?
2041
In base 15, what is -286 + -2c?
-2b3
In base 15, what is -2 + 27e9?
27e7
In base 7, what is 113162 + -5?
113154
In base 11, what is -1 - 1a1202?
-1a1203
In base 15, what is -2 + -31e6d?
-31e70
In base 9, what is -18 + -501504?
-501523
In base 2, what is 10 - -111000101001110?
111000101010000
In base 12, what is -654 + 43?
-611
In base 3, what is 11202011 - 10220?
11121021
In base 2, what is 10000100000100100 - -101?
10000100000101001
In base 13, what is -90 + -5278?
-5338
In base 9, what is 5 - 4380?
-4374
In base 11, what is 12 - 6869?
-6857
In base 